{"id":3233,"date":"2025-11-15T08:33:57","date_gmt":"2025-11-15T11:33:57","guid":{"rendered":"https:\/\/isfdyt59-bue.infd.edu.ar\/sitio\/?page_id=3233"},"modified":"2025-12-26T07:58:30","modified_gmt":"2025-12-26T10:58:30","slug":"oferta-academica-2","status":"publish","type":"page","link":"https:\/\/isfdyt59-bue.infd.edu.ar\/sitio\/oferta-academica-2\/","title":{"rendered":"OFERTA ACAD\u00c9MICA"},"content":{"rendered":"\n<figure class=\"wp-block-image size-full\"><img decoding=\"async\" loading=\"lazy\" width=\"1286\" height=\"861\" src=\"https:\/\/isfdyt59-bue.infd.edu.ar\/sitio\/wp-content\/uploads\/2025\/11\/carreras.jpg\" alt=\"\" class=\"wp-image-3269\" srcset=\"https:\/\/isfdyt59-bue.infd.edu.ar\/sitio\/wp-content\/uploads\/2025\/11\/carreras.jpg 1286w, https:\/\/isfdyt59-bue.infd.edu.ar\/sitio\/wp-content\/uploads\/2025\/11\/carreras-1000x670.jpg 1000w, https:\/\/isfdyt59-bue.infd.edu.ar\/sitio\/wp-content\/uploads\/2025\/11\/carreras-768x514.jpg 768w\" sizes=\"(max-width: 1286px) 100vw, 1286px\" \/><\/figure>\n\n\n\n<p><strong>PER\u00cdODO DE&nbsp;INSCRIPCI\u00d3N:&nbsp;<\/strong>DESDE&nbsp;<strong><mark>1\/12\/2025 al 6\/3\/2026<\/mark><\/strong><\/p>\n\n\n\n<p><strong>CONSULTAS:&nbsp;<\/strong>Preceptor\u00eda: 02267-420175 o mensaje privado a&nbsp;<a href=\"https:\/\/www.facebook.com\/isfdyt.madariaga\">https:\/\/www.facebook.com\/isfdyt.madariaga&nbsp;&nbsp;<\/a><\/p>\n\n\n\n<p>Presencialmente de 13 a 22 hs. d\u00edas h\u00e1biles, en Mart\u00ednez Itu\u00f1o 213 (Esq. Sarmiento). Gral Madariaga<\/p>\n\n\n\n<p><strong><em><mark>DOCUMENTACI\u00d3N<\/mark><\/em>:<\/strong><\/p>\n\n\n\n<p>1\u00b0 Paso: Completar e imprimir las planillas:\u00a0 \u00a01)<a href=\"https:\/\/drive.google.com\/file\/d\/1WQ1Mi1nYL2Xd8n75wxC0B872BWXjqX1w\/view?usp=sharing\">\u00a0Planilla de inscripci\u00f3n a carrera. ISFDyT N\u00b0 59<\/a>\u00a0\u2013 2)\u00a0<a href=\"https:\/\/padlet.com\/instituto59\/preceptor-a-2ka4cy8uo2xq\/wish\/PVKBQOyBb6yVWj5x\" data-type=\"URL\" data-id=\"https:\/\/padlet.com\/instituto59\/preceptor-a-2ka4cy8uo2xq\/wish\/PVKBQOyBb6yVWj5x\">PLanilla de autorizaci\u00f3n de uso de imagen ADULTO<\/a>  \u00a0 3)\u00a0<a href=\"https:\/\/isfdyt59-bue.infd.edu.ar\/sitio\/wp-content\/uploads\/2024\/11\/ANEXO-III-ISFDYT-N%C2%B059-2.docx\">ANEXO III ISFDYT N\u00b059<\/a><a href=\"https:\/\/isfdyt59-bue.infd.edu.ar\/sitio\/wp-content\/uploads\/2024\/11\/ANEXO-III-ISFDYT-N%C2%B059.docx\">\u00a0<\/a>\u00a0\u2013 4)\u00a0<a href=\"https:\/\/isfdyt59-bue.infd.edu.ar\/sitio\/wp-content\/uploads\/2024\/11\/Planilla-de-actualizacion-de-datos-ISFDYT-N%C2%B059.docx\">Planilla-de-actualizacion-de-datos-ISFDYT-N\u00b059<\/a>\u00a0(general para 2025). Planillas disponibles en Kiosco Lolo y Kiosco La Plaza) (Documento de orientaci\u00f3n\u00a0<a href=\"https:\/\/drive.google.com\/file\/d\/1cpfJmxkTLf71cU5hunnqePa7Z7_8gvkG\/view?usp=sharing\">de DGCyE<\/a>)<\/p>\n\n\n\n<p>2\u00b0 Paso: Completar formulario de inscripci\u00f3n (consignar el n\u00famero de orden que se indica en el tal\u00f3n de inscripci\u00f3n)<\/p>\n\n\n\n<p>DOCUMENTACI\u00d3N A ADJUNTAR EN INSCRIPCI\u00d3N PRESENCIAL<\/p>\n\n\n\n<ul>\n<li>Nivel Secundario: t\u00edtulo o certificado de t\u00edtulo en tr\u00e1mite (si adeuda materias de Secundario consultar tipo de certificado y plazos de presentaci\u00f3n)<\/li>\n\n\n\n<li>Registro de t\u00edtulo secundario (en Consejo Escolar del distrito de residencia)<\/li>\n\n\n\n<li>Fotocopia de DNI<\/li>\n\n\n\n<li>Certificado de salud (Psicof\u00edsico es obligatorio en Enfermer\u00eda)<\/li>\n\n\n\n<li>2 fotos (tipo carnet)<\/li>\n\n\n\n<li>1 folio tipo A4<\/li>\n<\/ul>\n\n\n\n<p>Cooperadora Anual 2025-2026: $10.000 \u2013 Anual<\/p>\n\n\n\n<p>I<strong>NSCRIPCI\u00d3N SUJETA A CUPO, PRIORIDAD: ORDEN DE INSCRIPCI\u00d3N POR FECHA DE ENTREGA DE LEGAJO COMPLETO:&nbsp;La inscripci\u00f3n podr\u00e1 constituir lista de espera, tendr\u00e1n acceso a cada carrera las primeras 50 personas que completen la inscripci\u00f3n con toda la documentaci\u00f3n del legajo. De no presentarse en el Taller Inicial se habilitar\u00e1 la lista de espera.<\/strong><\/p>\n","protected":false},"excerpt":{"rendered":"<p>PER\u00cdODO DE&nbsp;INSCRIPCI\u00d3N:&nbsp;DESDE&nbsp;1\/12\/2025 al 6\/3\/2026 CONSULTAS:&nbsp;Preceptor\u00eda: 02267-420175 o mensaje privado a&nbsp;https:\/\/www.facebook.com\/isfdyt.madariaga&nbsp;&nbsp; Presencialmente de 13 a 22 hs. d\u00edas h\u00e1biles, en Mart\u00ednez Itu\u00f1o 213 (Esq. Sarmiento). Gral Madariaga DOCUMENTACI\u00d3N: 1\u00b0 Paso: Completar e imprimir las planillas:\u00a0 \u00a01)\u00a0Planilla de inscripci\u00f3n a carrera. ISFDyT N\u00b0 59\u00a0\u2013 2)\u00a0PLanilla de autorizaci\u00f3n de uso de imagen ADULTO \u00a0 3)\u00a0ANEXO III ISFDYT N\u00b059\u00a0\u00a0\u2013 &#8230; <a title=\"OFERTA ACAD\u00c9MICA\" class=\"read-more\" href=\"https:\/\/isfdyt59-bue.infd.edu.ar\/sitio\/oferta-academica-2\/\" aria-label=\"More on OFERTA ACAD\u00c9MICA\">[+]<\/a><\/p>\n","protected":false},"author":54,"featured_media":0,"parent":0,"menu_order":0,"comment_status":"closed","ping_status":"closed","template":"","meta":[],"acf":[],"_links":{"self":[{"href":"https:\/\/isfdyt59-bue.infd.edu.ar\/sitio\/wp-json\/wp\/v2\/pages\/3233"}],"collection":[{"href":"https:\/\/isfdyt59-bue.infd.edu.ar\/sitio\/wp-json\/wp\/v2\/pages"}],"about":[{"href":"https:\/\/isfdyt59-bue.infd.edu.ar\/sitio\/wp-json\/wp\/v2\/types\/page"}],"author":[{"embeddable":true,"href":"https:\/\/isfdyt59-bue.infd.edu.ar\/sitio\/wp-json\/wp\/v2\/users\/54"}],"replies":[{"embeddable":true,"href":"https:\/\/isfdyt59-bue.infd.edu.ar\/sitio\/wp-json\/wp\/v2\/comments?post=3233"}],"version-history":[{"count":6,"href":"https:\/\/isfdyt59-bue.infd.edu.ar\/sitio\/wp-json\/wp\/v2\/pages\/3233\/revisions"}],"predecessor-version":[{"id":3306,"href":"https:\/\/isfdyt59-bue.infd.edu.ar\/sitio\/wp-json\/wp\/v2\/pages\/3233\/revisions\/3306"}],"wp:attachment":[{"href":"https:\/\/isfdyt59-bue.infd.edu.ar\/sitio\/wp-json\/wp\/v2\/media?parent=3233"}],"curies":[{"name":"wp","href":"https:\/\/api.w.org\/{rel}","templated":true}]}}